{"id":31,"date":"2016-05-06T09:48:37","date_gmt":"2016-05-06T07:48:37","guid":{"rendered":"http:\/\/www.muehlenurlaub.de\/?page_id=31"},"modified":"2024-04-29T13:45:58","modified_gmt":"2024-04-29T11:45:58","slug":"preise-anfrage","status":"publish","type":"page","link":"https:\/\/muehlenurlaub.de\/index.php\/preise-anfrage\/","title":{"rendered":"Preise &#038; Anfrage"},"content":{"rendered":"<p style=\"text-align: left;\"><div class=\"two-columns-one\"><img loading=\"lazy\" decoding=\"async\" class=\"size-medium wp-image-77 alignright\" src=\"http:\/\/www.muehlenurlaub.de\/wp-content\/uploads\/2016\/05\/muehle_aussen_1.jpg\" alt=\"muehle_aussen_1\" width=\"400\" height=\"200\" \/><\/p>\n<p style=\"text-align: left;\"><strong>1 bis 6 G\u00e4ste zahlen 225 \u20ac pro Nacht.\u00a0<\/strong><\/p>\n<p style=\"text-align: left;\"><strong>Buchbar von Mai bis September, min. 4 N\u00e4chte. Ab 7 N\u00e4chten gibt es 10% Rabatt auf den Gesamtpreis.<\/strong><\/p>\n<p style=\"text-align: left;\"><strong>Eine kostenfreie Stornierung ist bis 5 Tage vor Anreise m\u00f6glich. Danach werden 80% des Gesamtpreises in Rechnung gestellt.<\/strong><\/p>\n<p style=\"text-align: left;\"><strong>Endreinigung, Handt\u00fccher und Bettw\u00e4sche sind im Preis inbegriffen.<\/strong><\/p>\n<p><img loading=\"lazy\" decoding=\"async\" class=\"size-medium wp-image-142 aligncenter\" src=\"https:\/\/muehlenurlaub.de\/wp-content\/uploads\/2016\/05\/pantoffel-200x300.jpg\" alt=\"Schl\u00fcssel der M\u00fchle Beckenkrug h\u00e4ngt in der T\u00fcr\" width=\"200\" height=\"300\" \/><\/p>\n<p style=\"text-align: right;\"><\/div><\/p>\n<div class=\"two-columns-one last\">\n<p style=\"text-align: right;\">\n<div class=\"wpcf7 no-js\" id=\"wpcf7-f207-o1\" lang=\"de-DE\" dir=\"ltr\" data-wpcf7-id=\"207\">\n<div class=\"screen-reader-response\"><p role=\"status\" aria-live=\"polite\" aria-atomic=\"true\"><\/p> <ul><\/ul><\/div>\n<form action=\"\/index.php\/wp-json\/wp\/v2\/pages\/31#wpcf7-f207-o1\" method=\"post\" class=\"wpcf7-form init\" aria-label=\"Kontaktformular\" novalidate=\"novalidate\" data-status=\"init\">\n<fieldset class=\"hidden-fields-container\"><input type=\"hidden\" name=\"_wpcf7\" value=\"207\" \/><input type=\"hidden\" name=\"_wpcf7_version\" value=\"6.1.5\" \/><input type=\"hidden\" name=\"_wpcf7_locale\" value=\"de_DE\" \/><input type=\"hidden\" name=\"_wpcf7_unit_tag\" value=\"wpcf7-f207-o1\" \/><input type=\"hidden\" name=\"_wpcf7_container_post\" value=\"0\" \/><input type=\"hidden\" name=\"_wpcf7_posted_data_hash\" value=\"\" \/><input type=\"hidden\" name=\"_wpcf7_recaptcha_response\" value=\"\" \/>\n<\/fieldset>\n<p><label> Dein Name (Pflichtfeld)<br \/>\n<span class=\"wpcf7-form-control-wrap\" data-name=\"your-name\"><input size=\"40\" maxlength=\"400\" class=\"wpcf7-form-control wpcf7-text wpcf7-validates-as-required\" aria-required=\"true\" aria-invalid=\"false\" value=\"\" type=\"text\" name=\"your-name\" \/><\/span> <\/label>\n<\/p>\n<p><label> Deine E-Mail-Adresse (Pflichtfeld)<br \/>\n<span class=\"wpcf7-form-control-wrap\" data-name=\"your-email\"><input size=\"40\" maxlength=\"400\" class=\"wpcf7-form-control wpcf7-email wpcf7-validates-as-required wpcf7-text wpcf7-validates-as-email\" aria-required=\"true\" aria-invalid=\"false\" value=\"\" type=\"email\" name=\"your-email\" \/><\/span> <\/label>\n<\/p>\n<p><label> Betreff<br \/>\n<span class=\"wpcf7-form-control-wrap\" data-name=\"your-subject\"><input size=\"40\" maxlength=\"400\" class=\"wpcf7-form-control wpcf7-text\" aria-invalid=\"false\" value=\"\" type=\"text\" name=\"your-subject\" \/><\/span> <\/label>\n<\/p>\n<p><label> Deine Nachricht<br \/>\n<span class=\"wpcf7-form-control-wrap\" data-name=\"your-message\"><textarea cols=\"40\" rows=\"10\" maxlength=\"2000\" class=\"wpcf7-form-control wpcf7-textarea wpcf7-validates-as-required\" aria-required=\"true\" aria-invalid=\"false\" name=\"your-message\"><\/textarea><\/span> <\/label>\n<\/p>\n<p><input class=\"wpcf7-form-control wpcf7-submit has-spinner\" type=\"submit\" value=\"Senden\" \/>\n<\/p><div class=\"wpcf7-response-output\" aria-hidden=\"true\"><\/div>\n<\/form>\n<\/div>\n<\/p>\n<p><span style=\"font-size: 1rem;\"><\/div><div class=\"divider\"><\/div><\/span><\/p>\n","protected":false},"excerpt":{"rendered":"","protected":false},"author":1,"featured_media":0,"parent":0,"menu_order":0,"comment_status":"closed","ping_status":"closed","template":"page-templates\/centered-page.php","meta":{"footnotes":""},"class_list":["post-31","page","type-page","status-publish","hentry"],"_links":{"self":[{"href":"https:\/\/muehlenurlaub.de\/index.php\/wp-json\/wp\/v2\/pages\/31","targetHints":{"allow":["GET"]}}],"collection":[{"href":"https:\/\/muehlenurlaub.de\/index.php\/wp-json\/wp\/v2\/pages"}],"about":[{"href":"https:\/\/muehlenurlaub.de\/index.php\/wp-json\/wp\/v2\/types\/page"}],"author":[{"embeddable":true,"href":"https:\/\/muehlenurlaub.de\/index.php\/wp-json\/wp\/v2\/users\/1"}],"replies":[{"embeddable":true,"href":"https:\/\/muehlenurlaub.de\/index.php\/wp-json\/wp\/v2\/comments?post=31"}],"version-history":[{"count":34,"href":"https:\/\/muehlenurlaub.de\/index.php\/wp-json\/wp\/v2\/pages\/31\/revisions"}],"predecessor-version":[{"id":370,"href":"https:\/\/muehlenurlaub.de\/index.php\/wp-json\/wp\/v2\/pages\/31\/revisions\/370"}],"wp:attachment":[{"href":"https:\/\/muehlenurlaub.de\/index.php\/wp-json\/wp\/v2\/media?parent=31"}],"curies":[{"name":"wp","href":"https:\/\/api.w.org\/{rel}","templated":true}]}}